derivative of 2/3*v**h + 4*v + 1/12*v**4 - 1/2*v**2 + 0. Determine d(-6).
11
Let j = -48 - -87. Suppose 50*l = j*l - 33. Let g(q) = 2 + 4*q**2 - 5*q**2 + 2. Determine g(l).
-5
Let v(z) = z**3 - z**2 - 2*z + 1. Suppose 3*i - 28 = -25, 332 = 3*w + 2*i. Suppose -5*n + w = 105. What is v(n)?
-1
Suppose -204*m + 11 = -193*m. Let t(w) = 25*w**3 - w**2 + w + 1. Determine t(m).
26
Suppose 6*q = 38 - 2. Let o be 10/q - (-480)/360. Let u(d) = 18*d + 17. Let a(i) = i + 1. Let w(z) = -102*a(z) + 6*u(z). Give w(o).
18
Suppose 2*k - 2*j = 5*k + 29, 0 = 5*j + 20. Let u = -14 - k. Let t(h) be the third derivative of h**6/120 + 7*h**5/60 + h**4/12 + h**3 + 31*h**2. Give t(u).
-8
Let p(i) = -i**3 + 3*i + 3. Let w be (2/4)/((4/2)/12). Suppose 2 = -d + 4*o - w*o, 0 = -5*o + 25. What is p(d)?
-15
Let o(v) = -17*v + 20. Let r(w) = 3*w + 4. Let k(t) = -o(t) - 8*r(t). Calculate k(-7).
-3
Suppose 0 = 4*b - 24 + 16. Let o be (-3)/(-2)*b/(-3) - -24. Let j(k) = 27 + o - 51 - k. Determine j(-6).
5
Let r(w) = -2*w - 2. Suppose -i + 2*y = 312, -3*i + 5*i + 2*y = -642. Let l = i + 317. What is r(l)?
0
Let n be 454/(-19) + (-24)/228. Let h(d) = -3*d - 71. What is h(n)?
1
Let h(v) = 27*v**2 + 5*v + 15*v**2 + 32*v**2 + 5 - v**3 - 80*v**2. Give h(-8).
93
Let l(v) be the third derivative of -v**5/60 + 5*v**4/24 - v**3/2 + 240*v**2. Let c be 8*((-18)/(-8) - 2). Give l(c).
3
Suppose 2*h + c - 6 = 0, -292*h - 2*c = -293*h + 3. Let f(l) = -5*l**2 + 7*l - 15. Calculate f(h).
-39
Let c(m) = -m**2 + 8*m + 9. Let n be 2/4 + (38/4 - 6). Suppose n = 2*d, -2*t + 27 - 11 = -2*d. Calculate c(t).
-11
Let y(u) be the second derivative of u**5/20 + 2*u**4/3 + 2*u**3/3 - 7*u**2/2 + 2*u. Let p = 63479 + -63486. Determine y(p).
14
Let g(m) = m**3 + 3*m**2 - 3*m - 6. Let h(z) = -14*z + 62. Let d be h(4). Suppose -k - 13 = 5*j, -3*k - 3 = 5*j + d. Give g(j).
3
Let v(n) = -n**3 - 13*n**2 - 5*n + 1. Let u(r) = 3*r**3 + 37*r**2 + 14*r - 3. Let t(q) = -3*u(q) - 8*v(q). Give t(-5).
-39
Let x be 11/5 + -2 + 58/10. Let h be (-25)/(-10)*12/x. Let c(l) = l**2 - 3*l - 5. Determine c(h).
5
Let s(c) = -c**2 + 3*c - 4. Suppose 4*i = 3*p + 17 - 45, 3*i = -12. Suppose -w + p - 2 = 0. Let g be s(w). Let h(l) = -l**2 - 2*l - 1. Give h(g).
-1
Suppose -155 = -161*q - 83*q + 577. Let c(g) = 12*g - 6. Calculate c(q).
30
Suppose 515 = -10*p + 535. Let j(h) = -2*h + 6. Calculate j(p).
2
Let r(a) = 3*a - 5. Let w = 208 + -209. Give r(w).
-8
Suppose -w = 1840*j - 1843*j + 104, j = -5*w + 40. Let g(a) = a - 90. What is g(j)?
-55
Let k(z) = z - 23. Let q(b) = b**2 + 7*b - 297. Let j(h) = -13*k(h) + q(h). Calculate j(7).
9
Let l(v) = -3*v**3 + 2*v + 0*v**2 - 7*v**3 + 4*v**3 + 1 + 2*v**2. Suppose -20*f = -25*f - 5. Give l(f).
7
Let b(s) = 51*s**2. Let q be b(-1). Let k = q - 57. Let u(m) = m**3 + 5*m**2 - m + 1. What is u(k)?
-29
Suppose 90*p - 87*p - 3 = 0. Suppose -3*n + n = 0. Let f(a) = 4*a + 1 + 0 + n + 0*a. What is f(p)?
5
Let z(k) be the third derivative of -k**8/3360 + k**7/1260 + k**6/720 + k**5/60 - 29*k**4/12 + k**2 + 2. Let x(p) be the second derivative of z(p). Give x(2).
-4
Let v(b) be the second derivative of -b**4/3 - b**3/6 - 3*b**2/2 + 1708*b. What is v(-2)?
-17
Let p = 180 - 177. Let l(n) = 0 + 7*n**2 - 4*n**2 + 73*n - 70*n - 4 - n**p. Calculate l(5).
-39
Let p = -57 - -58. Suppose -44 = 9*t + p. Let y(v) = 7*v**2 + 15*v - 7. Let a(w) = 3*w**2 + 7*w - 4. Let r(g) = -5*a(g) + 2*y(g). Calculate r(t).
6
Let n(t) = 4*t - 1. Let w(z) = 8*z - 2. Suppose 0*b + 15 = -3*b. Let k(p) = b*n(p) + 3*w(p). Let j be 15/6*24/(-60). What is k(j)?
-5
Let u(l) = -10*l - 87 + 17 + 27 + 25 + 30. What is u(5)?
-38
Let p = 39 - 33. Let f(u) = -220*u. Let t(z) = -53*z. Let s(q) = 6*f(q) - 25*t(q). Determine s(p).
30
Let d(x) = 2*x**3 + 14*x**2 - 4*x + 7. Suppose -111*c = 76*c - 22*c + 1320. Give d(c).
-89
Suppose 5 = 5*o - 5*t, -4*o - 5*t - 4 = -17. Let z(f) be the third derivative of f**4/6 - 2*f**3/3 + 153380*f**2. Calculate z(o).
4
Let v(n) = n**3 - 2*n**2 - 6*n + 1. Let b(m) = -2*m - 5*m**3 + 0*m**2 - 3 - 2*m - 10*m**2 + 8*m**2. Let x be b(-1). Calculate v(x).
9
Suppose 6*z - 154 = -16*z. Let a(t) = -3*t**2 + 18*t + 2. Let c(v) = v**2 - 6*v - 1. Let o(h) = z*c(h) + 2*a(h). Give o(7).
4
Let w(u) = u**3 + 11*u**2 - 5*u - 13. Suppose 2248 = -4*k + d, -1616 = 2*k - 2*d - 498. Let o = k + 552. Calculate w(o).
42
Let l(z) = z**3 - 8*z**2 - z + 2. Suppose -6*d = -d - 450. Suppose d = -5*b - 100. Let y = 46 + b. Determine l(y).
-6
Let t(p) = -5*p**3 + 3*p**2 - 6*p + 2. Let i(w) = -4*w**3 + 4*w**2 - 6*w + 1. Let h(o) = -4*i(o) + 3*t(o). Let j = -4061 + 4067. What is h(j)?
2
Suppose 58*w - 56*w = -j - 3, w + 3*j = 6. Let y(x) = 2*x - 6. Calculate y(w).
-12
Let x(v) = -2*v**2 + 2*v - 3. Let i(r) = -r**2 + 2*r - 2. Let l(b) = -3*i(b) + 2*x(b). Suppose -22*n = -33*n + 396. Suppose n = 40*q - 49*q. Give l(q).
-8
Suppose -340 = -181*i - 107*i + 1100. Let n(g) = -g**3 + 3*g**2 + 4*g - 8. Calculate n(i).
-38
Let f(m) be the first derivative of 1/3*m**3 + 2*m + 314 + 3*m**2. Give f(-4).
-6
Suppose 69 + 15 = -2*d + 5*s, 2*d + 112 = -2*s. Let h(g) = g**2 + 56*g + 221. Determine h(d).
13
Let c be 28/4*(-6 - -5). Let z(r) = 7*r + 9*r**2 - 5*r**3 - r**2 - 1 - 1 + 6*r**3. What is z(c)?
-2
Let b(c) = -5*c + 10*c**2 - 12 - 22*c**2 + 3*c**2 + 1. Let m(o) = -11*o**2 - 7*o - 13. Let y(z) = -6*b(z) + 5*m(z). Suppose 0 = 3*i - 1 + 16. What is y(i)?
1
Suppose -142*m + 951 = -327. Let x(t) = -t**2 + 15*t + 10. What is x(m)?
64
Let s(i) be the second derivative of -i**3/6 + 3*i**2 + 3*i. Let c = -90 - -94. Suppose -3*o = 4*h + c, 2*h + 2 = 2*o + 2*o. Calculate s(o).
6
Suppose 8 = 4*d - 4*n, -3*d + 1 + 5 = -4*n. Let g(s) = 22*s**2 + 0*s - 24*s**2 + d*s. Give g(3).
-12
Let l(k) = 37*k**2 + 7*k + 9. Let x be l(-1). Let y(o) = -o**3 + 38*o**2 + 41*o - 78. What is y(x)?
0
Let u(j) be the third derivative of -j**6/120 - j**5/24 + j**4/24 + 3*j**2 + 19. Let d(b) be the second derivative of u(b). Determine d(-4).
19
Let t(n) = n + 54. Let v(c) = -6*c - 200. Let f(d) = 4*t(d) + v(d). Determine f(1).
14
Let t(a) be the second derivative of a**5/20 - 5*a**4/6 - 7*a**3/3 + 24*a**2 + 2179*a. Give t(11).
15
Let a be 13 - -9 - (-2)/(-2). Let n be (-3)/1 + 7 - -9. Let p(f) = a*f - 7 + n - 7. Calculate p(1).
20
Suppose 4*x = 10*a - 7*a - 81, 0 = -5*a + 3*x + 146. Suppose 42 = a*d - 37*d. Let s(j) = j**2 + 4*j + 3. Give s(d).
24
Let w be 7/(-2)*(-28)/49. Suppose -8 = w*r + 2*k, -7*r - 3*k - 14 = -2*r. Let h(v) be the third derivative of v**5/10 + 8*v**2. What is h(r)?
6
Let b = 9793/6 - 1632. Let m(i) be the second derivative of i**2 + b*i**4 + 12*i + 0 + 0*i**3. Determine m(-2).
10
Let t(w) = 3*w**2 + 18*w - 25. Let u(n) = 2*n**2 + 16*n - 21. Let d(b) = -3*t(b) + 4*u(b). Let m = 31 - 26. Suppose -10*p = -m*p - 30. Calculate d(p).
15
Let j(l) = -2*l**2 + 5*l - 1. Let h be j(2). Let s(n) = n. Let t be s(h). Let f be (-3)/(((-12)/(-8))/t). Let z(o) = o**2 + 3*o + 2. What is z(f)?
0
Let b(g) = 5*g**3 + 54*g**2 - 8*g + 168. Let h(k) = k**3 + 14*k**2 - 4*k + 42. Let j(t) = 2*b(t) - 9*h(t). Calculate j(17).
9
Suppose 8 + 1 = -3*i + 2*d, 5*d - 20 = 5*i. Let a(v) = -50*v + 12. Let m be a(-1). Let y(t) = 64 - 127 - 2*t**2 - t + m. Give y(i).
-2
Let a(s) = 2*s - 18. Suppose -360*i - 2516 + 1935 - 3739 = 0. Determine a(i).
-42
Let j(y) = 6*y**2 + 2*y - 4. Let u(s) be the second derivative of s**4/12 + 49*s. Let w(d) = -j(d) + 5*u(d). Give w(3).
-11
Let q(y) be the third derivative of y**5/30 - 5*y**4/24 - 2*y**3/3 + 1002*y**2. Give q(-1).
3
Let j(d) = -d**2 + 12*d - 10. Let t(a) = -2*a**2 + 23*a - 19. Let m(f) = -7*j(f) + 4*t(f). Suppose -16*y + 6 = -15*y. Give m(y).
6
Let k(l) be the third derivative of -l**6/60 + l**5/30 + 61*l**4/24 - 5*l**3/6 + 1726*l**2. Give k(6).
1
Let x(h) = -3*h**3 + 43*h**2 - 10*h + 7. Let w be x(13). Let t = -548 + w. Let m(y) = -y**2 + 7*y - 1. Give m(t).
9
Suppose 3*p = -6*i + 11*i + 59, 3*i = -3. Let s be (10/6)/(p/108). Let w(r) = r**2 - 12*r + 14. Determine w(s).
-6
Let r be (-2 + 18/15)*-5. Suppose 5*z = 2*h - 0*z - 33, -r*h + 5*z + 91 = 0. Let c(q) = -h*q + 12*q + 16*q - 2. What is c(5)?
-7
Let i(q) = q + 3*q + 268230 - 268171. Calculate i(-17).
-9
Suppose 5*f + 8*f = -26. Let b be -29 - -29 - f*(1 + -4). Let g(r) = -r**3 - 6*r**2 + 2*r + 9. What is g(b